{"id":2,"date":"2015-04-28T04:26:46","date_gmt":"2015-04-28T04:26:46","guid":{"rendered":"http:\/\/localhost\/wordpress\/?page_id=2"},"modified":"2025-09-10T08:55:03","modified_gmt":"2025-09-10T08:55:03","slug":"sample-page","status":"publish","type":"page","link":"https:\/\/duerselen.eu\/","title":{"rendered":"Lutz D\u00fcrselen Fotografie"},"content":{"rendered":"\n<p>Im Jahr 2020 richteten meine Frau Maria und ich einen Stiftungsfonds zur Unterst\u00fctzung \u00e4rmster Bev\u00f6lkerungsschichten auf dem indischen Subkontinents ein:  <a href=\"https:\/\/duerselen.eu\/?page_id=109\" target=\"_blank\" rel=\"noopener noreferrer\">Lutz und Maria D\u00fcrselen Fonds<\/a>. Zur Unterst\u00fctzung des Fonds verkaufen wir jedes Jahr einen Vogelkalender mit selbst aufgenommenen Motiven. <a href=\"https:\/\/duerselen.eu\/?page_id=132\" data-type=\"page\" data-id=\"132\">N\u00e4heres dazu hier<\/a>. <\/p>\n\n\n\n<p>Meine Leidenschaft ist das Fotografieren von V\u00f6geln und anderen Tieren. Aber auch Landschafts- und St\u00e4dtepanoramen haben es mir angetan. Meine Fotografien sind als Fotodrucke auf hochwertigen Materialien auch k\u00e4uflich zu erwerben. <a href=\"https:\/\/duerselen.eu\/?page_id=162\" data-type=\"page\" data-id=\"162\">Infos dazu hier<\/a>.<\/p>\n\n\n\n<p>Am 23. Oktober 2024 traten meine Frau und ich in der ZDF Show &#8222;Bares f\u00fcr Rares&#8220; auf und verkauften ein Schmuckst\u00fcck f\u00fcr einen Freund. Die Provision ging in unseren Stiftungsfonds. N\u00e4heres zur Show <a href=\"https:\/\/duerselen.eu\/?page_id=363\" data-type=\"page\" data-id=\"363\">hier<\/a>.<\/p>\n\n\n<div class=\"wp-block-image is-style-default\">\n<figure class=\"alignleft\"><a href=\"https:\/\/duerselen.eu\/wp-content\/uploads\/2015\/06\/Duerselen2012.jpg\"><img loading=\"lazy\" decoding=\"async\" width=\"200\" height=\"300\" src=\"https:\/\/duerselen.eu\/wp-content\/uploads\/2015\/06\/Duerselen2012-200x300.jpg\" alt=\"Duerselen2012\" class=\"wp-image-8\" srcset=\"https:\/\/duerselen.eu\/wp-content\/uploads\/2015\/06\/Duerselen2012-200x300.jpg 200w, https:\/\/duerselen.eu\/wp-content\/uploads\/2015\/06\/Duerselen2012.jpg 500w\" sizes=\"auto, (max-width: 200px) 100vw, 200px\" \/><\/a><\/figure><\/div>\n\n\n<p class=\"has-text-align-left\">Hier k\u00f6nnt ihr in meinen Fotos st\u00f6bern:<\/p>\n\n\n\n<ul class=\"wp-block-list\">\n<li>Dokumentation meiner Vogelbeobachtungen auf eBird: <br><a href=\"https:\/\/ebird.org\/profile\/MTAxNTc5Mw\/world\" target=\"_blank\" rel=\"noopener noreferrer\">My eBird<\/a> (kostenloser Account erforderlich)<\/li>\n\n\n\n<li><a href=\"https:\/\/duerselen.eu\/?page_id=162\" data-type=\"page\" data-id=\"162\">Drucke von gro\u00dfformatigen Panoramen und Vogelbildern zum Verkauf<\/a><\/li>\n\n\n\n<li>Tiere, Landschaften und Panoramen bei der <a href=\"http:\/\/portfolio.fotocommunity.de\/lutz-photography\" target=\"_blank\" rel=\"noopener noreferrer\">fotocommunity<\/a><\/li>\n\n\n\n<li>Reise und Tierfotografie auf <a href=\"https:\/\/www.facebook.com\/lutz.durselen\" target=\"_blank\" rel=\"noopener noreferrer\">Facebook<\/a><\/li>\n\n\n\n<li><a href=\"https:\/\/www.flickr.com\/photos\/146079724@N05\/\">Mein FLickr account<\/a><\/li>\n\n\n\n<li><a href=\"https:\/\/www.instagram.com\/birding_lutz\/\">Instagram<\/a><\/li>\n<\/ul>\n\n\n\n<p><\/p>\n","protected":false},"excerpt":{"rendered":"<p>Im Jahr 2020 richteten meine Frau Maria und ich einen Stiftungsfonds zur Unterst\u00fctzung \u00e4rmster Bev\u00f6lkerungsschichten auf dem indischen Subkontinents ein: Lutz und Maria D\u00fcrselen Fonds. Zur Unterst\u00fctzung des Fonds verkaufen wir jedes Jahr einen Vogelkalender mit selbst aufgenommenen Motiven. N\u00e4heres dazu hier. Meine Leidenschaft ist das Fotografieren von V\u00f6geln und anderen Tieren. Aber auch Landschafts- &hellip; <a href=\"https:\/\/duerselen.eu\/\" class=\"more-link\"><span class=\"screen-reader-text\">Lutz D\u00fcrselen Fotografie<\/span> weiterlesen <span class=\"meta-nav\">&rarr;<\/span><\/a><\/p>\n","protected":false},"author":1,"featured_media":0,"parent":0,"menu_order":0,"comment_status":"closed","ping_status":"open","template":"page-templates\/full-width.php","meta":{"footnotes":""},"class_list":["post-2","page","type-page","status-publish","hentry"],"_links":{"self":[{"href":"https:\/\/duerselen.eu\/index.php?rest_route=\/wp\/v2\/pages\/2","targetHints":{"allow":["GET"]}}],"collection":[{"href":"https:\/\/duerselen.eu\/index.php?rest_route=\/wp\/v2\/pages"}],"about":[{"href":"https:\/\/duerselen.eu\/index.php?rest_route=\/wp\/v2\/types\/page"}],"author":[{"embeddable":true,"href":"https:\/\/duerselen.eu\/index.php?rest_route=\/wp\/v2\/users\/1"}],"replies":[{"embeddable":true,"href":"https:\/\/duerselen.eu\/index.php?rest_route=%2Fwp%2Fv2%2Fcomments&post=2"}],"version-history":[{"count":53,"href":"https:\/\/duerselen.eu\/index.php?rest_route=\/wp\/v2\/pages\/2\/revisions"}],"predecessor-version":[{"id":492,"href":"https:\/\/duerselen.eu\/index.php?rest_route=\/wp\/v2\/pages\/2\/revisions\/492"}],"wp:attachment":[{"href":"https:\/\/duerselen.eu\/index.php?rest_route=%2Fwp%2Fv2%2Fmedia&parent=2"}],"curies":[{"name":"wp","href":"https:\/\/api.w.org\/{rel}","templated":true}]}}